17. Suppose -26*u - 2005 = -v*u. Suppose o - 5*i = 97, 0*i = 5*o - 4*i - u. List the prime factors of o.
7, 11
Let w(g) be the third derivative of -19*g**6/60 + g**5/12 + g**4/8 + 7*g**3/6 + 127*g**2 + 2*g. What are the prime factors of w(-2)?
5, 13
Let l(o) = 5*o + 4. Let h be l(-15). Let c = h + 48. Let t = -4 - c. What are the prime factors of t?
19
What are the prime factors of (36 - 28465)/((-3)/3)?
28429
List the prime factors of 110/(-88) - 1012044/(-48).
29, 727
Let a be (-4)/(0/(-4) - 1). Suppose a*f - 572 = 2504. What are the prime factors of f?
769
Let j(s) = -s**2. Let a be j(0). Suppose -w + 3 + 110 = a. Let z = w - 33. List the prime factors of z.
2, 5
Let h(a) = 6*a + 55. Let v be h(-6). Suppose 3*b + 197 = -17*g + v*g, -3*g - 2*b = -263. List the prime factors of g.
7, 13
Let u = 131 + -136. Suppose 4*g + 56 = -296. Let l = u - g. What are the prime factors of l?
83
Let g = 265 - 263. What are the prime factors of (10*(-12)/(-90))/(g/39)?
2, 13
Let m(a) = a + 7. Let d be m(2). What are the prime factors of (30/d - -4)*3?
2, 11
Suppose -246517 - 2550897 = -52*p + 27798. List the prime factors of p.
54331
Let j(r) = 59*r**2 + r - 8. Let m(w) = -w**3 - 15*w**2 + 18*w + 28. Let p be m(-16). List the prime factors of j(p).
2, 233
Let f(s) = 3*s + 19. Let h(w) = -2*w - 9. Let i(q) = -3*f(q) - 5*h(q). Let g be i(8). Let o(z) = 12*z**2 + 12*z - 4. List the prime factors of o(g).
2, 5, 7
What are the prime factors of (((-2)/6)/(5 + -6))/((-1)/(-80697))?
37, 727
Suppose 30507 + 10213 = 4*u + 4*s, -4*u - 2*s = -40734. What are the prime factors of u?
61, 167
Let x(w) = 1531*w**2 + 143*w + 290. What are the prime factors of x(-2)?
2, 383
Suppose -3*m - 32032 = -4*p - 8431, -5*m + 5929 = p. List the prime factors of p.
2, 3, 41
Suppose -96*w - 171 = -4011. What are the prime factors of w?
2, 5
What are the prime factors of (-4)/(8/10) + (-103040)/(-115)?
3, 11
Suppose 2812276 = 41*f + 723613. What are the prime factors of f?
3, 16981
Let i(o) = -o**2 + 12*o - 22. Let y be i(8). Suppose -2*d - 5*p + 15 = 5, 5*p - y = -4*d. Let z(w) = -6*w + 171. What are the prime factors of z(d)?
3, 19
Let o be (-4)/(0 - -4 - 2). List the prime factors of (-40 + 11)*24/o.
2, 3, 29
Suppose 0 = -2*b + 5*c + 37533, 5*b - 261*c + 256*c - 93885 = 0. What are the prime factors of b?
2, 587
Let b = -7599 + 24119. What are the prime factors of b?
2, 5, 7, 59
Suppose -193*t + 727063 + 5742297 = 0. List the prime factors of t.
2, 5, 419
Let v be -5 + (0 - 50/(-5)). Suppose -y + 5*k + v = 0, -k - 3 = 2*k. Suppose y = -u + 26 + 8. List the prime factors of u.
2, 17
Let o = -30 - -9. Let a be -20 - ((-6)/(-10) - (-6)/15). List the prime factors of (-3)/a + (-417)/o.
2, 5
Suppose -12 = 4*i, -2 = -5*c + 2*i + 24. List the prime factors of c + 0 - 17/(119/(-2422)).
2, 5, 7
List the prime factors of ((-6)/(-10) + 102792/(-20))*(-18)/9.
2, 3, 571
Suppose 4*v - 6 = -2*r, -5*v + 3*r + 14 = -r. Let y(q) = 48*q + 1. Let b(i) = 144*i + 1. Let z(g) = 3*b(g) - 8*y(g). What are the prime factors of z(v)?
7, 13
Let t = 14648 + -9721. What are the prime factors of t?
13, 379
Let d be 1/(3/12 + 14/(-40)). Let b(c) = 4*c + 36. Let z be b(d). List the prime factors of (-2)/z - (-258)/4.
5, 13
Suppose 70 = -5*t + 95. Let m(k) = -k**2 - 5*k - 3. Let f be m(-3). Suppose t*r - 262 = -f*c, -5*r + 260 = 3*c - r. List the prime factors of c.
2, 3, 7
Let u(c) = c**2 + 8*c + 2. Let m be u(-10). What are the prime factors of 3 + (-140)/44 - (-6010)/m?
3, 7, 13
Suppose -x + d = -4, -3*x + d = -d - 8. Suppose -7*y + 629 - 13 = x. List the prime factors of (y/(-12) + 0)*27*-1.
2, 3, 11
What are the prime factors of 14/(-28)*2 - -111?
2, 5, 11
Suppose 3 = -2*l + 5*n + 4, -4*l + 3*n + 9 = 0. Suppose l*o + 382 - 139 = 0. Let r = -43 - o. List the prime factors of r.
2, 19
Suppose -2*t = 5*l - 18 - 6, 5*l - 26 = -3*t. Suppose -n - t*j = -2, -3*j + 4*j = -2*n + 7. Suppose -208 - 192 = -n*x. List the prime factors of x.
2, 5
What are the prime factors of (-9371*8/(-4) - -3) + (20 - 15)?
2, 3, 5
Let q(x) = 12*x**2 - 9*x - 32. Let v = -75 + 84. What are the prime factors of q(v)?
859
Let i(k) = 4*k**3 + 7*k**2 - 19*k + 148. List the prime factors of i(11).
2, 5, 13, 47
Let u(n) = 96*n**3 - 3*n**2 + 7*n. Let i be u(2). Let x = -345 + i. Suppose -3*q = 2*q - x. List the prime factors of q.
5, 17
Suppose -13*s - 10*g + 7*g + 533233 = 0, -3*g = 4*s - 164080. What are the prime factors of s?
41017
Let f(i) = -176*i**3 - 12*i**2 - 45*i - 27. What are the prime factors of f(-3)?
2, 3, 11
Suppose -15*p + 19*p = 5*v + 246, 0 = -3*v + 4*p - 154. Suppose 4*c - 457 - 355 = 0. Let i = v + c. List the prime factors of i.
157
Let z be (3 + -5 - -2)*1/3. Suppose 5*q = -4*x + 66, 4*q + z*x = -2*x + 48. Suppose 6*g = q + 32. List the prime factors of g.
7
Let k be ((-48)/40)/(8/20). Let c = 2 + 4. What are the prime factors of k/c*-8 - 0?
2
Let v(f) = -f**3 - 10*f**2 - 2*f - 15. Let t be v(-10). Suppose -w + t*m - 76 = -0*w, 2*w = -2*m - 104. Let o = w + 85. List the prime factors of o.
29
Let d(g) = -4 + 4*g**2 - 6*g**3 - 2*g**2 - 4*g + 7. Let f be 171/(-63) - (-4 - (-120)/28). What are the prime factors of d(f)?
3, 5, 13
Suppose -5*q + 106 - 1 = c, -110 = -5*q - 2*c. Suppose -7*w + 10314 = q*w. List the prime factors of w.
2, 191
Suppose 0 = -o + 3*j + 2975, -7327 = -2*o + 3*j - 1377. What are the prime factors of o?
5, 7, 17
Suppose -19 = -3*s + 4*x - 0*x, -5*s + 20 = 5*x. Suppose 0*f + 2*h = 2*f + 4, 4*f - 1 = -s*h. Let b(w) = -67*w. List the prime factors of b(f).
67
Let k(q) = 9*q**3 - 3*q**2 - q + 6. Let v be -55 - ((-3)/(-6))/(5/30). Let n = v - -60. List the prime factors of k(n).
2
Let o be (-1336)/6 + ((-5)/15 - -1). Let k = o - -304. List the prime factors of k.
2, 41
List the prime factors of (205/25 + -4)/(3/225).
3, 5, 7
Suppose -x + 36 = 16. Suppose -x*m = -21*m + 532. List the prime factors of m.
2, 7, 19
Let r be 155/15*(22 - 1 - 0). Let j = r - 155. Let b = -58 + j. List the prime factors of b.
2
List the prime factors of (2388/(-7164))/(((-2)/22948)/((-9)/(-2))).
3, 5737
Let v be (8 - 9)/((-12)/11 - -1). Let n = v - 11. Suppose -x = -3*m + 170, -x + n*x - 227 = -4*m. What are the prime factors of m?
3, 19
Let k(s) = 2*s**3 - 5*s**2 - 11*s - 7. Let h be k(7). Suppose 5*i + h = -4*a, 439 = -5*a + 3*i - 2*i. What are the prime factors of (-19696)/a - (-4)/22?
2, 7
Let r(s) = s**3 + 71*s**2 + 24*s - 106. What are the prime factors of r(29)?
2, 3, 5, 941
Let w = 147 + -145. Suppose 0 = -w*n + 568 + 110. List the prime factors of n.
3, 113
List the prime factors of (-1 + -46)*1570/60*-18.
3, 47, 157
Let k(n) = n**3 - 15*n**2 - 17*n + 17. Let v be k(16). Suppose x = -p + 9 - v, -8 = 2*p - 4*x. What are the prime factors of 776/p + (-4)/(-1)?
2, 3, 11
Let o = -296 + 2. Let r = o - -361. What are the prime factors of r?
67
Suppose v - 4*u - 332 = 0, -2*v = -3*u - 44 - 615. Suppose -5*b = -3*b - 2*k - 130, 5*b - v = 2*k. List the prime factors of b.
2, 3, 11
Let h = 18 - 18. Suppose h = 11*g - 2*g - 2484. Suppose -7*o + g = -4*o. List the prime factors of o.
2, 23
Let z be (3*5/(-60))/((-2)/56). Suppose -z*q + 499 = -222. Let u = q + -7. What are the prime factors of u?
2, 3
Suppose -4*i + 2*i + 10 = 4*d, -5*i + 60 = 3*d. Suppose 0 = 6*a + i - 33. Suppose -y = -3*t - 211, a*y - 3*t + 2*t = 657. What are the prime factors of y?
2, 5, 11
Let v = 366 + -286. What are the prime factors of 5*v - 238/(-34)?
11, 37
Suppose 0 = -3*n + c + 3980, -n = 6*c - c - 1332. List the prime factors of n.
1327
Suppose -35637 = -5*v + 4*t + 10972, -3*v + 27964 = -t. List the prime factors of v.
3, 13, 239
Let n(r) = -r**2 + 54*r + 16. Let m be n(14). Let q = m + -383. List the prime factors of q.
193
Let q = -444 + 1192. Suppose 4*d = r - q, r - 4*d = -r + 1480. List the prime factors of r.
2, 3, 61
Let l(d) = -12*d + 4. Let q be (-2)/(-6) - 25/30*-14. Let m be (-8)/q - (-62)/(-6). What are the prime factors of l(m)?
2, 17
Let d(a) = -5*a**3 - 12*a**2 + 39*a + 33. What are the prime factors of d(-13)?
17, 499
Let a(j) = -17*j**2 + 26 + 32*j**2 - 2*j**3 - 28*j + 8*j**3 - 5*j**3. List the prime factors of a(-14).
2, 307
Let z = 22367 - 15176. List the prime factors of z.
3, 17, 47
Suppose 0 = -19*l + 696 + 197. List the prime factors